9 - (60 - -9)?
-32
Calculate 2324 + -2338 - (1 - (-1 - -4)).
-12
What is the value of (-4 - 15) + 7 - -17 - 0?
5
Calculate (-6 - -3) + -4 - 12 - (7 - 6).
-20
Evaluate 92 + -70 - (42 - 1).
-19
Evaluate -16 + -2 + (-25 - -65).
22
What is the value of -29 + 0 - (-146 - -128)?
-11
Calculate -8 - (-4 - -9) - (-2 - 6).
-5
Calculate -4 + -6 + (0 - 5) + (37 - 24).
-2
What is (-13 - -4) + -7 + 0 + 10?
-6
(0 + (-2 - (-6 + 1)) - 5) + 2
0
What is the value of -18 + 6 + (0 - 1)?
-13
(-18 + 15 + (10 - 2) - -10) + 0
15
What is 7 + (-12 + 18 - 2) + -17?
-6
What is the value of -11 + 10 + 1 + -9?
-9
Calculate -9 + 1 - ((6 - -47) + -39).
-22
Evaluate -25 - (-24 + 25 + -37).
11
What is 9 + -6 - -4 - (13 - 1) - -8?
3
-1 + 5 + -236 + 233
1
What is -15 - (3 + -17 + 2)?
-3
Calculate (-20 - -17 - (-1 - 1)) + 3 + -8.
-6
What is 35 + -17 - 17 - (-2 - -10)?
-7
What is -24 - ((-12 - 1) + -11)?
0
Evaluate (15 - 18) + 4 + 3.
4
Evaluate (12 - (10 + (-9 - -7) + -1)) + -10.
-5
Evaluate 7 - -8 - 6 - 8 - -8 - 1.
8
What is (6 - 8) + -4 + (-1 - (3 - 9))?
-1
What is the value of -14 + 18 - (11 + -2)?
-5
Evaluate -17 + (-41 - -69 - (-7 - 7)).
25
-9 - -4 - -9 - (-9 + 31)
-18
Evaluate 3 - (-3 + -6 + 5).
7
Evaluate -6 + 0 + 1 + -12 + 6.
-11
What is 0 + (4 - 21) - (4 - (16 - 6))?
-11
What is the value of -2 - ((2 - 2 - -9) + -59 + 54)?
-6
Calculate 3 + 3 + (-7 + 4 - -6) + -20.
-11
What is (-173 - -179) + -5 + 1 - -20?
22
Calculate (0 - 0 - (14 - 2)) + 89 + -85.
-8
Calculate (41 - 47) + 1 + (-8 - 1).
-14
Evaluate (2 + 11 - -7) + (7 - 15).
12
What is the value of -46 - ((-6 - 17) + -21)?
-2
Evaluate 51 - 52 - (-2 - (5 + -5 + 2)).
3
Calculate -12 - ((34 - (51 + -17)) + 9 + 0).
-21
What is the value of -7 + (5 - (4 + -7 + -1))?
2
21 + -1 + (-10 - (-6 + -1 - -4))
13
Calculate -15 + (-4 - -9) + 0.
-10
What is 0 - -7 - (-82 + 73) - -5?
21
What is the value of (-16 - 17) + (9 - 3 - -6)?
-21
What is -10 + (-9 - 8) + 34 + -19?
-12
What is (-13 - 3) + -29 + 31?
-14
What is the value of 14 + (8 - 14) - 2?
6
Calculate -143 + 131 - (5 - (-1 + 2)).
-16
What is the value of 22 + -2 + -11 + -2 + 0?
7
What is the value of -1 + (-2 + (3 - (-25 + -4)) - 12)?
17
Evaluate 9 + -2 + (-14 - (-18 - -8)).
3
What is the value of 9 + -7 + (-11 - (8 + -11))?
-6
Evaluate 12 + 1 - (-13 + -11 + 22).
15
-6 - ((2 - 10) + -9)
11
What is the value of 14 - (-23 + 10 + 12 + (9 - 0))?
6
Evaluate -17 + 7 + (-7 - -11) + 4.
-2
-25 + -14 + -17 + 39
-17
What is the value of 1110 - 1107 - (-1 + 4 - -36 - -3)?
-39
Evaluate 2 - -10 - (0 + -2 + 13).
1
0 + -2 - (-33 + 24)
7
(0 - 31) + (-387 - -400)
-18
What is the value of (0 - (-5 - 0)) + (-1102 - -1090)?
-7
What is the value of -6 - -13 - (6 + -5) - 17?
-11
Calculate -11 - (-2 + -6 + 5 + 8).
-16
Calculate -5 - (11 + -4) - (147 + -134).
-25
Calculate 497 - 506 - (-17 - (1 - 1)).
8
Calculate -28 + (90 - 42) + (-1 - (-3 + 1)).
21
What is (19 - 2) + 39 + -25?
31
Calculate -1 + 1 + -4 - (-14 + (-9 - -13)).
6
What is the value of 23 + (5 + -16 - -1)?
13
3 + -16 + (22 - 2)
7
Calculate 9 + (2 - (8 + 14)).
-11
Calculate -5 - (4 + -19 + 20 - (10 - 0)).
0
What is 10 + 12 - 4 - (-3 + -3) - 2?
22
What is the value of -1 - (0 - -4) - (-45 + 33) - 21?
-14
Evaluate 1 - (13 + 7) - -7.
-12
What is -4 - 0 - (76 - 92)?
12
Evaluate 0 - (-12 + 8 + 0 - -5).
-1
(4 - (-1 - -1) - 1) + (-40 - -46)
9
39 + (-37 - (10 + -13))
5
Calculate 0 + (-7 - (-2 + -1)) + 5.
1
3 + 8 + 5 - 16
0
Calculate -16 - (22 - 40) - (0 + -8).
10
Calculate 8 - (4 - 3 - -17).
-10
Calculate (1 - (-10 - -2)) + (13 - 39).
-17
What is the value of 22 - (-20 - -11) - (-1 + 13)?
19
What is the value of -31 + 36 + (-18 - 22)?
-35
Calculate -18 + 15 + 7 + -3 + 10.
11
Calculate -30 - -24 - (-8 - 5).
7
What is the value of -29 + (-10 - (0 + -2 + -12) - 9)?
-34
Calculate 0 + 10 + (-34 - -1) + 32.
9
What is the value of 22 + -9 + -10 - -12?
15
Evaluate (12 + (4 - 11) - 38) + 11.
-22
Calculate (-4 - -6) + 15 - (-53 + 61).
9
30 - 8 - 7 - 8
7
Evaluate -13 - ((-1 - (-6 + 16)) + 7).
-9
Calculate (-13 - -22 - 28) + 18.
-1
Evaluate -5 - (4 + (-8 - -10)).
-11
Evaluate -21 - (7 - 10) - (24 - 7).
-35
What is the value of 2 + -5 + 2 + 1?
0
What is the value of 4 + (-10 - -3) - (-4 + 12 + 10)?
-21
(-6 - -2) + -1 + (-8 - (-5 - 12))
4
9 + (16 - (38 + -15)) - 0
2
Calculate (-1 - 17) + -28 + 43.
-3
Calculate -3 + -1 + (1 - -1) + 8.
6
Evaluate -4 - (14 + (-12 - (8 - 8)) + 17).
-23
What is 13 + (5 - 16) + 7 + -11?
-2
What is the value of -47 - -65 - (-3 - -14)?
7
Calculate (5 - (26 + 20)) + 24.
-17
What is the value of 27 + (6 - 19) - 15?
-1
((-5 - (-8 - 1)) + -2 - -5) + 1
8
What is -26 - -29 - (-2 - (7 + (-7 - -3)))?
8
What is the value of 0 - ((-12 - -9) + (-4 - -11))?
-4
What is the value of -3 - ((-3 - -18 - 24) + -2 + 6)?
2
What is (-3 + 11 - -3) + 5 + 0?
16
Calculate 8 - (1 + 1) - (-756 + 754).
8
Calculate (9 - (-12 + 4)) + -13.
4
What is (4 - -1 - 10) + 0 + 2?
-3
Evaluate 9 - ((-36 + -5 - -41) + (30 - 1)).
-20
(15 - 3) + -255 + 256
13
What is (8 + -17 - -34) + -9?
16
Calculate 3 - (14 + -28 + 12).
5
What is the value of (-21 - -8 - -3 - (1 + -1)) + -2?
-12
Calculate 77 - 66 - (0 - -22).
-11
What is -1 + 1 + -2 + (86 - 79)?
5
Evaluate -6 - (6 + -7) - (-2 + -2 + -10).
9
What is the value of -44 + (9 + -9 - (-5 + -5))?
-34
What is the value of 2 + -22 + 4 - -7?
-9
186 - 190 - (1 - 0)
-5
Evaluate 4 + 0 + 7 + (127 - 130) + -2.
6
Calculate (1 - -2) + (1 - 2) + -42 + 55.
15
0 + 3 + (-6 - -8) + 46 + -43
8
Evaluate 4 - (-5 + 3 - -13).
-7
Calculate -25 + (-22 + 14 - -21 - 2).
-14
What is the value of -138 - -148 - (-7 + 3 - -41)?
-27
What is the value of -68 + 31 + 29 - (-6 - -2)?
-4
Evaluate -2 + -5 - 1 - (59 + -39 - 32).
4
1 - (-7 + (-13 - -10) + 12)
-1
Evaluate -25 + 35 + (-4 - 13) + -5.
-12
What is -6 + -9 + (-13 - -7 - -21)?
0
What is the value of -21 + (10 + 1 - 10 - -1)?
-19
-19 + 4 + 34 - (7 + (-2 - -2))
12
Evaluate -4 + 28 + -47 + 13.
-10
What is the value of 4 + (1 - 4 - (1 + 0))?
0
Calculate 494 - 496 - (-2 - 16).
16
Evaluate (-2 - 3) + 2 + (38 + -24 - 25).
-14
What is 751 + -769 - (-28 + -1)?
11
What is 10 + (4 - 9 - -15 - 16)?
4
What is 0 + 7 + (-25 - (1 - 10)) + -3?
-12
Calculate -10 - ((0 + -8 - -13) + -8).
-7
19 + (-1 + 1 + -2 - (-307 - -305))
19
Evaluate -105 - -54 - (0 + -19).
-32
What is the value of (-11 - -2) + (160 - 143)?
8
What is 38 - 47 - (-33 - -7) - 12?
5
What is -20 - (10 - (-18 - -20))?
-28
What is -4 + (-2 - -6) + 3 + -3?
0
-6 + -6 - ((10 - 0) + -19 + 34)
-37
-18 - (-11 + (5 - (-9 - -10) - 1))
-10
Calculate (-9 - 1) + 1 - -10 - (3 + -20).
18
What is -18 + 2 - (17 + -9 + 4 + -7)?
-21
What is the value of 1 - 2 - -10 - (114 - 109)?
4
Calculate ((-12 - -23) + -11 - (8 - 0)) + 0.
-8
3 + -8 + 2 + 21 + (-158 - -144)
4
What is the value of -17 - (-21 + -23 + 15)?
12
Evaluate 20 - (12 - (2 - -1)).
11
What is -2 + (0 - 9) + 14?
3
Calculate (22 - -24) + 45 + -65.
26
What is 10 + (-36 - (-18 + -8))?
0
What is the value of (157 - 153 - (-2 - 1)) + 9?
16
What is the value of -38 - -40 - (-1 + 18) - 4?
-19
Evaluate -8 + 15 - (-12 - (6 - 13)).
12
What is the value of 10 + (3 - 30) + (-47 - -24)?
-40
What is the value of (-21 - -9) + -7 + 17?
-2
What is the value of (-1 - -1) + -17 + 95 + -68?
10
Calculate (8 + 2 - (-1 - -2)) + -8.
1
What is -8 + -4 + 0 + (59 - 68) - -10?
-11
(-1 - -7) + 1 + (-49 - (41 + -87))
4
What is the value of 33 + (-31 - (-23 + 25))?
0
What is 1 - (6 + (-6 - -3 - -6))?
-8
Evaluate -8 + (-9 + (17 - 8) - (4 + -7)).
-5
Calculate (0 + 3 + -109 + 108 - 6) + 6.
2
Calculate 1 - (-5 - ((2 - 5) + 4) - 3).
10
Calculate -3 + (2 - 0) + (5 - 0 - 5).
-1
Evaluate (0 - (2 + -11)) + 37 + -53.
-7
What is the value of 26 - (59 - 23) - 11?
-21
6 + -15 + (-8 + 16 - 5)
-6
Calculate -14 + (1 + 24 - -3).
14
Evaluate 0 + 4 - 1 - 3 - (58 + -56).
-2
What is the value of 18 + (-7 - -2) - (28 + -21)?
6
(2 - 12) + 51 + -40
1
Calculate -32 + 19 - (-77 + 58).
6
What is the value of -6 - (60 + -79 + (-1 - -11))?
3
What is -32 + 44 - (17 + -3)?
-2
Evaluate (-19 - -32) + -16 - (-2 + -1) - 0.
0
Evaluate 10 + (-13 + 13 - (3 - 4 - -20)).
-9
Calculate -54 - (-16 - (7 + -3)).
-34
8 - (23 + -11) - (-2 + -3 + -20)
21
Evaluate 73 + -116 - (1 + -10 + (24 - 23)).
-35
What is 11 + 2 - (21 + -3 + -9 + -4)?
8
What is the value of -17 + (4 - (27 + -27))?
-13
Evaluate -1 - (-